6, what is 554055413 + 114?
554055531
In base 5, what is -1332222342201 - -2?
-1332222342144
In base 4, what is 12123131 - 122300?
12000231
In base 4, what is -1330103011223 - 2?
-1330103011231
In base 9, what is -40508 + 105?
-40403
In base 13, what is -2b - 27779?
-277a7
In base 9, what is -147230 + -11?
-147241
In base 8, what is 46 + 25403614?
25403662
In base 4, what is 131121102323 + -1?
131121102322
In base 7, what is -4 + 3416506?
3416502
In base 2, what is -11111000 + 100010010101001?
100001110110001
In base 10, what is -8518 + 463?
-8055
In base 5, what is 4102204 + 41010?
4143214
In base 9, what is 226325 + -22?
226303
In base 16, what is 4d50e4 + 5?
4d50e9
In base 10, what is 3508919 + 13?
3508932
In base 16, what is 263 - -73dc?
763f
In base 11, what is -53a45 + -183a?
-55784
In base 3, what is -2 - 101201110100122?
-101201110100201
In base 2, what is -11001000000101101111100111 - -100?
-11001000000101101111100011
In base 10, what is 2046833 + -1?
2046832
In base 10, what is 3458 + -695?
2763
In base 4, what is -1 + 132030222221?
132030222220
In base 6, what is -1015 + -552540?
-553555
In base 15, what is 90db - -8dc?
99c8
In base 3, what is -1101002101 + 111012?
-1100121012
In base 7, what is 3 + -12135022?
-12135016
In base 15, what is 5 - 398be4?
-398bde
In base 3, what is 12 - 212200200012122?
-212200200012110
In base 13, what is -29939b50 - 0?
-29939b50
In base 12, what is 1 + 2b98846?
2b98847
In base 7, what is -33515200511 - 2?
-33515200513
In base 8, what is -11411144 - 10?
-11411154
In base 13, what is -b2ba839 - 2?
-b2ba83b
In base 16, what is -12ea3 - -b1?
-12df2
In base 12, what is 0 - a949888?
-a949888
In base 3, what is 10110 + 10001222010?
10002002120
In base 2, what is -111110 + 11000100000?
10111100010
In base 6, what is 0 - 52432142224?
-52432142224
In base 12, what is b1240b + 10a?
b12519
In base 10, what is 869 + -2816?
-1947
In base 16, what is -1 + 37f1ab?
37f1aa
In base 4, what is 110 - -1321301333?
1321302103
In base 3, what is 12112110 + -101121?
12010212
In base 14, what is 1b9cb9d - -8?
1b9cba7
In base 4, what is -233211213 - 32301?
-233310120
In base 4, what is -2000132213 - 1132?
-2000200011
In base 14, what is -b86a7 + -8?
-b86b1
In base 15, what is 4a - 1c47?
-1bec
In base 12, what is -64 - -704b0?
70448
In base 3, what is 221012000122122110 + -11?
221012000122122022
In base 12, what is 56657320 + -5?
56657317
In base 9, what is -2218075 - 46?
-2218132
In base 10, what is -3 - -41858213?
41858210
In base 12, what is -1 - a27724?
-a27725
In base 12, what is -2909325 - 3?
-2909328
In base 9, what is -68637 + -211?
-68848
In base 3, what is -21 - 1020221011002?
-1020221011100
In base 2, what is 1 + 111101011111011000011?
111101011111011000100
In base 7, what is -11260 - -11465?
205
In base 4, what is -311120320 - -10?
-311120310
In base 8, what is -41 - 4662634?
-4662675
In base 11, what is -3 - 23870302?
-23870305
In base 11, what is 186 + 628193?
628369
In base 3, what is 100 + 121200111222?
121200112022
In base 11, what is 88 - -23aa59?
240036
In base 6, what is 141412220 - -1?
141412221
In base 4, what is -1 - 11130233102?
-11130233103
In base 16, what is 241 - -12e72?
130b3
In base 13, what is -16677 - -c?
-16668
In base 6, what is 2 - -1104223555?
1104224001
In base 16, what is -376 - 4b0fb?
-4b471
In base 16, what is -256b30 - 2?
-256b32
In base 2, what is -100000111011 - -1010011010100001?
1001111001100110
In base 16, what is -2f0990e5 + 1?
-2f0990e4
In base 10, what is 0 + -36085498?
-36085498
In base 7, what is 362 - 465150?
-464455
In base 11, what is -231 - -a0921?
a06a0
In base 3, what is -122 + 100002212211102?
100002212210210
In base 16, what is 17 + -1e324d?
-1e3236
In base 12, what is 47a870 - 17?
47a855
In base 16, what is -38 + e7154?
e711c
In base 16, what is 0 - -c35057?
c35057
In base 12, what is -1a9 - -4ba52a?
4ba341
In base 16, what is 6 + 28865f6?
28865fc
In base 10, what is -604 - -40939?
40335
In base 10, what is 202266 - -407?
202673
In base 3, what is -2120001022220010 + -10?
-2120001022220020
In base 15, what is -d5dc59b + 4?
-d5dc597
In base 4, what is 1 - 22322030100?
-22322030033
In base 15, what is 28 + -29e07?
-29dce
In base 8, what is 24 - 2307410?
-2307364
In base 6, what is -5104122 + -334?
-5104500
In base 4, what is -10033023 - 11111200?
-21210223
In base 10, what is 15965183 + 24?
15965207
In base 4, what is 110232002303 + -121?
110232002122
In base 7, what is -11 - -20304053?
20304042
In base 4, what is -32 + 2033033011?
2033032313
In base 7, what is 2 + 16056321?
16056323
In base 13, what is -650804cb + -4?
-65080502
In base 14, what is -6b + 11bba?
11b4d
In base 6, what is 234 - 2353444?
-2353210
In base 16, what is 4d9b7 - -4c?
4da03
In base 3, what is -101101211012211 - -1?
-101101211012210
In base 13, what is 25 - -374?
399
In base 9, what is 5326 + 11364?
16701
In base 2, what is 1 + 100110111000101101110?
100110111000101101111
In base 7, what is -23 + 230141416?
230141363
In base 9, what is -8571403 - 35?
-8571438
In base 2, what is -100 + 110101010111111111011100?
110101010111111111011000
In base 6, what is -3 + -13205514545?
-13205514552
In base 6, what is -50011234 - -11?
-50011223
In base 10, what is 403879 - -399?
404278
In base 15, what is -9 + 8d97?
8d8d
In base 14, what is -2 + 3045a2b6?
3045a2b4
In base 9, what is 1 + 51133?
51134
In base 9, what is -223 - -14701?
14467
In base 15, what is 82 - 30902?
-30870
In base 8, what is 1520 + 16765?
20505
In base 16, what is 4fc0cd - 3?
4fc0ca
In base 6, what is 124 + 3420240?
3420404
In base 15, what is -19d - 288?
-436
In base 15, what is -c3ce07 - 2?
-c3ce09
In base 13, what is -750a9 - -a?
-7509c
In base 10, what is -54377 + 2946?
-51431
In base 3, what is 0 + -211020201201022012?
-211020201201022012
In base 3, what is -1 - -201101202011?
201101202010
In base 4, what is 1103212 + 31032030?
32201302
In base 12, what is -7682946 - 0?
-7682946
In base 12, what is -26229b + -2b9?
-262598
In base 8, what is -34373776 + 0?
-34373776
In base 13, what is -428 - -44597?
4416c
In base 10, what is 117438 - -11?
117449
In base 14, what is 4799 - 200?
4599
In base 15, what is 17dcc93d + 2?
17dcc940
In base 16, what is cb - -64d9?
65a4
In base 6, what is -251524 - 221525?
-513453
In base 15, what is 172629 + -4c?
1725cc
In base 9, what is -53176 + -27?
-53214
In base 10, what is -598671856 - 3?
-598671859
In base 2, what is -11001010000101010001111 - -111?
-11001010000101010001000
In base 10, what is 970 - -72602?
73572
In base 16, what is 107 + 1a?
121
In base 16, what is -a + a9c57?
a9c4d
In base 2, what is -110110000111 - 101010111001?
-1100001000000
In base 5, what is 3030 + 134313124?
134321204
In base 15, what is 12 - -36308e?
3630a1
In base 2, what is -1011001100101001010010111010 + 101?
-1011001100101001010010110101
In base 2, what is 1001100011001100 - 10101111100?
1001001101010000
In base 5, what is 1233122 - -22024?
1310201
In base 13, what is -3535 - -5a9?
-2c59
In base 13, what is -9653 - -73b?
-8c15
In base 11, what is -18 + 78864?
78847
In base 14, what is -4d5 - 2990a?
-2a001
In base 5, what is -101 - -10034203414?
10034203313
In base 7, what is 21231313 - -13?
21231326
In base 10, what is -1 - 2050924?
-2050925
In base 9, what is -23477 + 348?
-23128
In base 7, what is 10122422 + -4?
10122415
In base 3, what is -12011022211102112 - 0?
-12011022211102112
In base 12, what is 6 - 4485762?
-4485758
In base 10, what is 36243139 + 0?
36243139
In base 2, what is 10 + -10111011111001000101101?
-10111011111001000101011
In base 14, what is -9 - -bddab?
bdda2
In base 13, what is -2b996 + -1534?
-301ca
In base 15, what is -5 + -209cc2?
-209cc7
In base 9, what is -1573178 + 23?
-1573155
In base 5, what is 30120204 - -110?
30120314
In base 10, what is 4 + -186680250?
-186680246
In base 4, what is -1 - -1101013210210?
1101013210203
In base 3, what is -1210211 + -11222012?
-20210000
In base 10, what is -52807 + 635?
-52172
In base 6, what is -3 + -33432410?
-33432413
In base 14, what is -5 + 9621?
961a
In base 10, what is 11957 - 28560?
-16603
In base 9, what is 4 - 7683354?
-7683350
In base 3, what is -2002102 + -10220220?
-20000022
In base 9, what is -361 + 142075?
141614
In base 5, what is -22131221 - -34